at is 202012 + 122?
202211
In base 10, what is 197 - 1895?
-1698
In base 6, what is -2 - 14133?
-14135
In base 9, what is -5 - -222652?
222646
In base 8, what is 107 + 255?
364
In base 4, what is 11230323103 - 0?
11230323103
In base 8, what is -2265307 + -1?
-2265310
In base 2, what is 0 - 11001111100111111?
-11001111100111111
In base 2, what is 100 - -1110011010111?
1110011011011
In base 9, what is 2188 - 550?
1538
In base 14, what is 2 - -35279?
3527b
In base 8, what is -152 - 2564?
-2736
In base 9, what is 122 - 1004?
-772
In base 14, what is -1 + -4708?
-4709
In base 8, what is -16 + 12267?
12251
In base 11, what is 390 + -3267?
-2987
In base 7, what is 1311 + 2362?
4003
In base 5, what is -4 + -3232132?
-3232141
In base 9, what is -2 + 22272?
22270
In base 9, what is -44758 + 2?
-44756
In base 2, what is -110100010101111100100011 + 0?
-110100010101111100100011
In base 9, what is -3 + -62582?
-62585
In base 12, what is 0 - -b0053?
b0053
In base 11, what is 415258 - 0?
415258
In base 16, what is 5 - 53b1?
-53ac
In base 13, what is 17 - -2a2?
2b9
In base 16, what is -5 + 3c0d?
3c08
In base 16, what is -1a0 - -2a2?
102
In base 5, what is -4230 - 33414?
-43144
In base 8, what is -35323 + 6?
-35315
In base 2, what is 101110100 - -101110001110?
110100000010
In base 2, what is -1000000 + 10001011?
1001011
In base 6, what is 302 - -521?
1223
In base 7, what is -15505 - -143?
-15332
In base 6, what is 2542 + 14534?
21520
In base 5, what is -201 - -3023300?
3023044
In base 5, what is 102 - 401?
-244
In base 12, what is b + -13163a?
-13162b
In base 9, what is -512217 + 1?
-512216
In base 2, what is -101010 + -1100110000011?
-1100110101101
In base 5, what is 10 - 330230?
-330220
In base 7, what is 0 + -413051?
-413051
In base 14, what is 49a - -a8?
564
In base 9, what is 2 + -128570?
-128567
In base 5, what is -3043041 - 0?
-3043041
In base 10, what is 5 - -715505?
715510
In base 3, what is -1122200010 - -11?
-1122122222
In base 7, what is -2 + 563164?
563162
In base 9, what is 157 - -21220?
21377
In base 12, what is 3 + 8809?
8810
In base 7, what is -1563 - 451?
-2344
In base 13, what is 33b24 - -2?
33b26
In base 4, what is -2302 - 1102?
-10010
In base 4, what is 322 + -121222?
-120300
In base 15, what is 17318 - -2?
1731a
In base 16, what is 2935 - -1b?
2950
In base 12, what is 39b - 18a?
211
In base 16, what is 9 + 24b6?
24bf
In base 13, what is 54975 - -4?
54979
In base 6, what is 304343501 - -2?
304343503
In base 8, what is 30545 + -3?
30542
In base 15, what is -19 + -1073?
-108c
In base 3, what is 220101220 + -101?
220101112
In base 16, what is -4e0 - 5c?
-53c
In base 7, what is -136330 - -4?
-136323
In base 15, what is 14e - 4d?
101
In base 11, what is 4 - -242308?
242311
In base 14, what is 5 - 21c9?
-21c4
In base 14, what is -73b - b9?
-816
In base 3, what is -20012011012 + 122?
-20012010120
In base 8, what is 3 + -665200?
-665175
In base 16, what is 0 + 10d?
10d
In base 9, what is -3 + -665800?
-665803
In base 8, what is -100026 + 0?
-100026
In base 11, what is -15 - -1320?
1306
In base 15, what is 6 + 4ba94?
4ba9a
In base 10, what is 0 + -1116131?
-1116131
In base 5, what is -2 + -131210210?
-131210212
In base 9, what is -4 + 2057417?
2057413
In base 15, what is 5 - 6ed3?
-6ecd
In base 8, what is -5 + 1363412?
1363405
In base 7, what is 0 - 2404304?
-2404304
In base 3, what is 211121 + 10202?
222100
In base 10, what is 5 + -64978?
-64973
In base 11, what is 2 + -61327?
-61325
In base 7, what is 52111 + -22?
52056
In base 8, what is 41 + -3023?
-2762
In base 7, what is -403 - 1166?
-1602
In base 9, what is 68871 - -4?
68875
In base 14, what is 2 + -106758?
-106756
In base 3, what is 10 + 111102021?
111102101
In base 9, what is -4211 - -142?
-4058
In base 13, what is -4a09 - 3b?
-4a47
In base 9, what is 18461 + -46?
18414
In base 16, what is c - 95da?
-95ce
In base 16, what is 5 + 5eb1?
5eb6
In base 3, what is 1 - -20221210?
20221211
In base 10, what is -3 - -625252?
625249
In base 10, what is -243 + 323?
80
In base 10, what is -5640069 + 2?
-5640067
In base 15, what is 3d8e + -17?
3d77
In base 13, what is 1659 - -4?
1660
In base 16, what is -422 + 17f?
-2a3
In base 5, what is -121 - -4104?
3433
In base 14, what is -20691 - 3?
-20694
In base 2, what is -10110100110110011000 + -101?
-10110100110110011101
In base 8, what is 252 - 1641?
-1367
In base 4, what is -3 - -3020023?
3020020
In base 13, what is -8c - 2?
-91
In base 9, what is -24363600 - 0?
-24363600
In base 16, what is 8 - 7e77?
-7e6f
In base 8, what is -431754 + -4?
-431760
In base 13, what is 653bc3 + -3?
653bc0
In base 6, what is 1425042 - 21?
1425021
In base 10, what is 3 + -2159?
-2156
In base 2, what is 10100111101011010 + -1100?
10100111101001110
In base 14, what is 4 + 14543?
14547
In base 9, what is -5 + 16468?
16463
In base 7, what is 244 - -103412?
103656
In base 9, what is 64015 - 3?
64012
In base 12, what is 8b9 + -1004?
-307
In base 6, what is -200035232 - -5?
-200035223
In base 10, what is -2 - 59436?
-59438
In base 16, what is 1e0 - -1d?
1fd
In base 15, what is 3137 - -16?
314d
In base 7, what is 3 + 210223?
210226
In base 6, what is 5 - -10040132?
10040141
In base 2, what is -100101001 + 10010100?
-10010101
In base 9, what is -8 - 37548?
-37557
In base 12, what is 729 + -a5?
644
In base 8, what is 26 + 111110?
111136
In base 4, what is -20112021 - -1212?
-20110203
In base 2, what is -1101 - -111001001000001?
111001000110100
In base 12, what is -1b3 - -181?
-32
In base 5, what is -403003410 - 0?
-403003410
In base 15, what is -21 - 67d?
-69e
In base 5, what is -23134 + -3214?
-31403
In base 14, what is -10 + c37?
c27
In base 2, what is 101001010111110000 - 1110?
101001010111100010
In base 2, what is 111100 - -111001110110011?
111001111101111
In base 8, what is -570707 - 10?
-570717
In base 16, what is c - 5eb?
-5df
In base 6, what is -23315 + -24?
-23343
In base 15, what is -3 - -4460e?
4460b
In base 14, what is 234 + 297c?
2bb2
In base 3, what is -10011120 - -1000?
-10010120
In base 14, what is 5 + a068?
a06d
In base 9, what is -286 - -381?
84
In base 13, what is -1975 + -1a?
-1992
In base 2, what is -11001100011 + 100100110010?
1011001111
In base 13, what is -14 - -1146?
1132
In base 2, what is -1101101101011111 + 1011?
-1101101101010100
In base 3, what is -111100 - -21210210?
21022110
In base 10, what is 29 - 1822?
-1793
In base 12, what is -114b + 1b?
-1130
In base 6, what is -5 - -114314?
114305
In base 11, what is 127 + -4572?
-4446
In base 7, what is -204211 + -104?
-204315
In base 7, what is -1 - -106560?
106556
In base 14, what is -1074 - -7b3?
-6a1
In base 15, what is 68847 + 3?
6884a
In base 3, what is -10 + -1110112100202?
-1110112100212
In base 6, what is 15 - 2100233?
-2100214
In base 6, what is 2 - -245425?
245431
In base 14, what is -6ac1 - -8?
-6ab7
In base 4, what is 3 - 320012032?
-320012023
In base 14, what is 132269 - 4?
132265
In base 12, what is -8b67 - -2?
-8b65
In base 12, what is 2b8 + -8a7?
-5ab
In base 14, what is -16a - 7898?
-7a24
In base 15, what is -1 + 70216?
70215
In base 3, what is 1120210120011 + 11?
1120210120022
In base 15, what is 9 - -8a38?
8a42
In base 8, what is -357 + -2574?
-3153
In base 4, what is -11213 + -110?
-11323
In base 15, what is -2 + 260c?
260a
In base 10, what is -22 - 7157?
-7179
In base 13, what is 21a0b + 1?
21a0c
In base 13, what is -35 - 62a0?
-6305
In base 7, what is -10 + -153502?
-153512
In base 13, what is 2c46b - 5?
2c466
In base 9, what is -8 - -1?
-7
In base 6, what is 20232 - -101?
20333
In base 3, what is 1010110211 - -1002?
1010111220
In base 10, what is -12 + 4567?
4555
In base 14, what is 9b - -4bb?
578
In base 2, what is 101 - 1111011010111010100?
-1111011010111001111
In base 6, what is -1125002 + -20?
-1125022
In base 9, what is 142 - -84?
236
In base 8, what is -3677771 - -5?
-3677764
In base 10, what is -11 - 3782?
-3793
In base 10, what is 125590 + -1?
125589
In base 12, what is b - 3895?
-3886
In base 11, what is -64596 - 2?
-64598
In base 4, what is -12321 - -3300322?
3222001
In base 4, what is 20023 - 1132?
12231
In base 10, what is -151030 + -3?
-151033
In base 9, what is -17548 - -7?
-17541
In base 15, what is 2b - c02?
-bc6
In base 11, what is 10a + -80?
3a
In base 12, what is 415b 